= -m + 4, 2 = 4*m - 2*i - 10. Suppose l + m = 6. What is the units digit of 47 + (-1 - 1) + l?
9
Suppose 43*z - 36*z = 6965. What is the hundreds digit of z?
9
Let b be (-10)/15*(-5 - -2). Let s(x) = 2*x**2 + 7*x. Let a be s(-7). Suppose -2*p + a = -5*v, 0 = 4*v - b - 18. What is the units digit of p?
7
Let w = -61 - 83. Let d = w - -178. What is the tens digit of d?
3
Suppose 4*k = 4*m - 0*m - 44, -4*k + 16 = 0. What is the tens digit of ((-102)/m)/((1 - 5)/40)?
6
Let j(n) be the second derivative of n**5/20 - n**4/3 - 5*n**3/3 + n**2 - 4*n. Suppose -g - 5*k + 2 = -9, -8 = -g - 2*k. What is the tens digit of j(g)?
1
Let u(x) = 3*x**2 - 2*x - 1. Let n be u(-1). Suppose -n*p + 0*p = 0. Suppose p = -4*h + h + 63. What is the tens digit of h?
2
Suppose 4*u = -35 + 251. Suppose -2*i = 2*g - u, -4*i + 117 = 3*g + 9. Let c = i + -21. What is the units digit of c?
6
Let x = 11 + -2. Suppose -2*v = -3*j - 15, -6 = -4*v + j + x. Suppose 15 = v*k - 0*k. What is the units digit of k?
5
Let o = 4673 + -3011. What is the hundreds digit of o?
6
Suppose -4*p - 3992 = -12*p. What is the tens digit of p?
9
Suppose 0 = 4*x + 5*t - 49, -3*t + 37 + 8 = 5*x. Let q be x/(-9) - 4/(-6). Suppose 5*i + 3*i - 336 = q. What is the tens digit of i?
4
Suppose -6*d - 75 + 519 = 0. What is the tens digit of d?
7
Suppose 20183 - 101485 = -53*i. What is the tens digit of i?
3
Let x = 167 - -42. What is the tens digit of x?
0
Let a = 6 + 15. Let p = a + -34. Let r = -11 - p. What is the units digit of r?
2
Let r(s) = 15*s - 2. Let z be r(1). Suppose 4*l - 35 = z. What is the units digit of 0 + l/(-4) + 33?
0
Let z = -218 - -512. Suppose -l = -2*u + 563, -2*u + u + z = 2*l. What is the hundreds digit of u?
2
Let n be (3 + 6/(-3))*320. Suppose 0 = -4*w - w + n. Suppose -c = 3*c - w. What is the units digit of c?
6
Suppose 3*a = p + 4023, -4*a - 22*p + 5364 = -17*p. What is the tens digit of a?
4
Let d = 60 - 65. What is the tens digit of (-3 - 58/(-6))*(-24)/d?
3
Let h(k) = -27*k**3 + 3*k**2 + 23*k + 72. What is the units digit of h(-5)?
7
What is the hundreds digit of -5 + 5/(20/3244)?
8
Let t(z) = -z**2 + 8*z - 8. Let a be t(6). Let y be (1 + a + -8)*2. What is the units digit of y/4*1770/(-45)?
9
Suppose 0 = -2*b + 10*b - 1120. What is the hundreds digit of b?
1
Suppose -713 = -14*k + 435. What is the tens digit of k?
8
What is the units digit of ((-10)/((-20)/3))/(15/19540)?
4
Let s(g) be the first derivative of 14*g**3/3 - g**2/2 - 2*g + 2. Let n = -11 - -13. What is the tens digit of s(n)?
5
Let c(w) = 68*w + 702. What is the units digit of c(34)?
4
What is the hundreds digit of (-5720)/12*(-6)/4?
7
Suppose 3*z - 3*c - 1 = -7, 4*c - 24 = -4*z. What is the units digit of z*(-5)/(20/(-26))?
3
Suppose -2*r + 60 = 3*r. Let u = r + -10. Let q = u + 12. What is the tens digit of q?
1
Let q be -2 + -2 + (1 - 1) + 4. Suppose 54 - 497 = -3*t - 2*g, q = -5*t - g + 736. What is the hundreds digit of t?
1
Suppose 0 = 6*r - 5*r - 3*a - 269, 5*a = -5*r + 1345. Let g = -163 + r. What is the units digit of g?
6
Let w = -9 + 13. Suppose -575 = -k - w*k. Suppose -4*i - 43 + k = 0. What is the tens digit of i?
1
Suppose 5*z + y - 734 = 5*y, 5*y = 3*z - 430. What is the tens digit of z?
5
Let c = -5 + 115. Let m = 169 - c. What is the units digit of m?
9
Let g = 644 + -398. Suppose -4*f + 178 = -g. What is the tens digit of f?
0
Suppose -l = -t - 40, -8*l = -4*l + 3*t - 188. What is the units digit of l?
4
Let y(i) = 3*i**2 + 11*i + 8. Let u be y(-4). Let b = -8 + u. Suppose 0 = 2*f + b, -2*f = -2*t - 0*f + 34. What is the units digit of t?
5
Let a = 1 + -1. Let z(m) be the third derivative of -m**6/120 - m**4/24 + 2*m**3 + m**2. What is the units digit of z(a)?
2
Let d = -145 - -76. Let h(p) = p**2 + 30*p - 45. Let x be h(-30). Let r = x - d. What is the units digit of r?
4
Let l(z) = 59*z**3 + 2*z**2 - 2*z + 1. Let a be -2 - 2*3/(-2). Let u be l(a). Let v = u + -43. What is the tens digit of v?
1
Let j(z) = 9*z**2 - 4*z - 14. Let v be 7/(-49)*-7*5/1. What is the hundreds digit of j(v)?
1
Suppose -14*c + 6*c = -7520. What is the tens digit of c?
4
Let q(r) = r**3 - 12*r**2 - 13*r - 16. Let x be q(13). Let n(l) = 3*l**2 + 35*l + 9. What is the units digit of n(x)?
7
Let j(p) = p + 2. Let h be j(-4). What is the tens digit of h/(-6) + (-104)/(-3)?
3
Let i = -101 + 67. Let a = -119 - -167. Let d = a + i. What is the tens digit of d?
1
Let r = 1273 + -321. Suppose 0 = 4*d - r - 112. What is the hundreds digit of d?
2
Let h be 1 + (108 - 1*-1). Suppose -2*c = -4, 4*v - 37*c = -40*c + 6. Suppose v = 6*j - h - 82. What is the units digit of j?
2
Let i(m) = -30 + 10*m**2 + 46 - m**3 - 27 + 7*m. Let z = 9 + 1. What is the tens digit of i(z)?
5
Suppose -2*w = -w + 7. Let k(x) = -2*x**3 - 12*x**2 + x - 5. What is the units digit of k(w)?
6
Let j = 1 - -417. What is the tens digit of j?
1
Let v be (-1)/((32/12)/(-8)). Let a = 14 + -33. Let d = v - a. What is the tens digit of d?
2
Suppose 10*g - 12 = 4*g. Suppose g*l - 3*d = 0, -3*d - d + 2 = -3*l. Let i(f) = f**3 + 6*f**2 - 7*f - 5. What is the units digit of i(l)?
7
Suppose 0 = -8*v - 168 + 2608. What is the units digit of v?
5
What is the hundreds digit of (0 + 7 + 78)*5?
4
Let u = 1073 - 102. What is the tens digit of u?
7
Let u = 6 + -14. Suppose -27*r = -22*r - 55. Let m = r + u. What is the units digit of m?
3
Let j be (-213)/(-7) + 36/(-84). Let a = 52 - j. What is the tens digit of a?
2
Let d(y) be the third derivative of y**4/6 + 3*y**2. Let k be d(1). Suppose 3*f + k*p - 141 = 0, f + 0*p = -p + 46. What is the tens digit of f?
4
Suppose -3*d = -5*w - 5589, -2*d + w = d - 5589. What is the hundreds digit of d?
8
Suppose 0 = 2*c + 2*r, 2 - 8 = -3*r. Let l be (-4)/8 - (-3)/c. What is the units digit of (-68)/l - (2 + 0)?
2
Let t be 6/(-15) + 160/25. Let a(j) = j**3 - 6*j**2 + 5*j + 6. Let y be a(7). Suppose -t*h + y = -h. What is the tens digit of h?
1
Let u = 461 - 39. What is the units digit of u?
2
Let r(x) = -2*x**2 + 2*x - 3. Let l be r(2). Let z be -2 + 3 + -2 - l. Suppose -3*v - z + 87 = -3*o, -v = o - 31. What is the units digit of v?
9
Let d be 0 - (3 - (-18)/(-3)). Suppose -i + 68 = 2*k, 3*i + 109 = -d*k + 313. What is the units digit of i?
8
Suppose 2*v = 3*v + 2*d - 1078, 5*d = 3*v - 3289. What is the tens digit of v?
8
Suppose 5*f - 13 + 3 = 0. Let a(x) = -5 + 3 + 30*x - f + 3. What is the units digit of a(2)?
9
Suppose -552*j + 4332 = -548*j. What is the tens digit of j?
8
Suppose -8 = -b + 2*a, -37 = -3*b + 3*a - 13. Let m be -32*((-4)/1)/b. Let w(o) = -o**2 + 18*o - 10. What is the tens digit of w(m)?
2
Suppose 0 = 5*o - 5*v - 3890, -o + 2*v - 2329 = -4*o. What is the units digit of o?
7
Let n = 417 + 141. What is the hundreds digit of n?
5
Suppose 33*f - 21436 = 10*f. What is the hundreds digit of f?
9
Let z(l) = -13*l**2 - l - 1. Let k(n) = n**2 - 1. Let f(o) = 3*k(o) - z(o). What is the units digit of f(1)?
5
Suppose 38544 = -132*s + 143*s. What is the units digit of s?
4
Let p(k) = -7*k - 17. Let y be p(-5). Suppose y - 51 = -3*z. What is the tens digit of z?
1
Suppose b = -424 + 1263. What is the units digit of b?
9
Let s = 647 + -325. What is the tens digit of s?
2
Suppose 155 = 21*w - 26*w. Let z = w + 98. What is the tens digit of z?
6
Let a(j) = -j**3 + 9*j**2 - 2*j - 6. Let c be a(9). What is the units digit of c/9*-1*3?
8
Let p = -30 - -60. Let n = -20 + p. Suppose -5 - n = -3*a, 0 = v - 4*a. What is the tens digit of v?
2
Let q(d) = -35*d + 31. Let a be q(-6). Suppose 2*g = -4*p + 368, -4*g + 2*p - a = -997. What is the hundreds digit of g?
1
Let d(x) = -x**2 - 7*x - 5. Let a be d(-6). Let s = a + 7. Suppose -c - 72 = -0*i - 5*i, 4*c = -s. What is the units digit of i?
4
Let s = 18 - 15. Suppose 4*w - 183 = -s*c - 2*c, -3*c + 89 = 2*w. What is the tens digit of w?
5
Suppose -2*w - x - 4712 = -4*w, -5*w - x = -11780. What is the thousands digit of w?
2
Suppose 0 = 5*w - 2*o - 582, 7*w + 3*o - 345 = 4*w. Let v = 197 - w. What is the units digit of v?
1
Let h be 2/(-5) - 11/(165/54). What is the tens digit of (-596)/(-10) - (h/(-10))/(-1)?
6
Let u(i) = -i**2 - 5*i - 2. Let l be u(-4). Suppose 2*x - 107 = -3*v + 69, 8 = l*x. What is the units digit of v?
6
Suppose -y + 2*b - 1080 = -3*y, 0 = -5*y - 2*b + 2694. What is